003.
19028003
What are the prime factors of 969068207?
15643, 61949
What are the prime factors of 1684248799?
41, 41079239
List the prime factors of 652664102.
2, 17, 593, 32371
What are the prime factors of 109578961?
2549, 42989
What are the prime factors of 10852655?
5, 11, 37, 5333
List the prime factors of 391993771.
13, 47, 283, 2267
What are the prime factors of 486174666?
2, 3, 81029111
What are the prime factors of 23805459?
3, 2645051
List the prime factors of 4074379761.
3, 317, 4284311
List the prime factors of 5410637961.
3, 19, 4091, 23203
What are the prime factors of 211899970?
2, 5, 19, 47, 61, 389
List the prime factors of 19850659.
2081, 9539
What are the prime factors of 56924456?
2, 19, 487, 769
What are the prime factors of 873927954?
2, 3, 491, 10987
What are the prime factors of 1290679876?
2, 322669969
What are the prime factors of 872053324?
2, 218013331
List the prime factors of 40650273.
3, 743, 6079
List the prime factors of 4804873059.
3, 7, 103, 157, 14149
What are the prime factors of 1012019433?
3, 337339811
What are the prime factors of 70726378?
2, 35363189
What are the prime factors of 765118198?
2, 13, 29427623
What are the prime factors of 422508722?
2, 761, 277601
What are the prime factors of 34039803?
3, 7, 107, 15149
List the prime factors of 41591714.
2, 131, 158747
List the prime factors of 240836167.
11, 13, 1684169
What are the prime factors of 165357498?
2, 3, 27559583
What are the prime factors of 553845608?
2, 3797, 18233
What are the prime factors of 78023327?
78023327
What are the prime factors of 29189123?
73, 399851
List the prime factors of 1542514567.
11, 17, 8248741
List the prime factors of 1861007548.
2, 41, 11347607
What are the prime factors of 1033729029?
3, 19, 59, 102461
What are the prime factors of 362164730?
2, 5, 5021, 7213
List the prime factors of 544843623.
3, 83, 2188127
List the prime factors of 7354216948.
2, 13, 1607, 88007
What are the prime factors of 759099372?
2, 3, 61, 239, 4339
What are the prime factors of 131729500?
2, 5, 7, 61, 617
List the prime factors of 123022467.
3, 13669163
What are the prime factors of 4232881004?
2, 11, 1381, 69661
List the prime factors of 39732679.
7, 810871
List the prime factors of 1106813818.
2, 11, 337, 149287
List the prime factors of 2204688370.
2, 5, 19, 32143
What are the prime factors of 1248667436?
2, 312166859
What are the prime factors of 425386108?
2, 7, 15192361
What are the prime factors of 3603206702?
2, 19, 4990591
List the prime factors of 115051909.
7, 521, 31547
List the prime factors of 660748434.
2, 3, 59, 1866521
List the prime factors of 9129102.
2, 3, 17, 89501
List the prime factors of 1370479811.
1370479811
List the prime factors of 274774838.
2, 13, 10568263
What are the prime factors of 255271140?
2, 3, 5, 37, 38329
What are the prime factors of 1354900030?
2, 5, 11, 12317273
List the prime factors of 211633687.
211633687
List the prime factors of 397906578.
2, 3, 23, 71, 13537
What are the prime factors of 48769011?
3, 5418779
List the prime factors of 5674927903.
443, 1823, 7027
What are the prime factors of 463723846?
2, 231861923
List the prime factors of 3384344097.
3, 53, 7095061
List the prime factors of 5227327775.
5, 2503, 83537
What are the prime factors of 65716728?
2, 3, 7, 11, 43, 827
What are the prime factors of 40428796?
2, 10107199
What are the prime factors of 6401194?
2, 3200597
List the prime factors of 47284290.
2, 3, 5, 73, 2399
What are the prime factors of 990565979?
13, 17, 347, 12917
List the prime factors of 2161010238.
2, 3, 109, 3304297
List the prime factors of 1285770084.
2, 3, 107147507
List the prime factors of 186018862.
2, 17, 937, 5839
What are the prime factors of 733467810?
2, 3, 5, 3863, 6329
What are the prime factors of 43567590?
2, 3, 5, 11, 47, 53
What are the prime factors of 4627095944?
2, 1459, 396427
List the prime factors of 17500799.
83, 210853
What are the prime factors of 148185641?
691, 214451
List the prime factors of 383386032.
2, 3, 29, 91807
List the prime factors of 364057016.
2, 45507127
List the prime factors of 4138026120.
2, 3, 5, 929, 12373
What are the prime factors of 186611460?
2, 3, 5, 7, 643, 691
List the prime factors of 6506712715.
5, 1301342543
What are the prime factors of 48790233?
3, 19, 15017
What are the prime factors of 119915398?
2, 59957699
What are the prime factors of 48312387?
3, 5368043
What are the prime factors of 1037040091?
2339, 443369
List the prime factors of 416239018.
2, 13, 16009193
List the prime factors of 27811119.
3, 7, 107, 12377
What are the prime factors of 862394541?
3, 43, 823, 8123
What are the prime factors of 1786404483?
3, 107, 618347
List the prime factors of 232272138.
2, 3, 7, 727, 7607
List the prime factors of 17285629.
17285629
List the prime factors of 490231988.
2, 122557997
List the prime factors of 5070491259.
3, 19, 88955987
List the prime factors of 7334344746.
2, 3, 31, 107, 13649
List the prime factors of 37517756.
2, 1913, 4903
List the prime factors of 12100907.
7, 13, 53, 193
What are the prime factors of 46346594?
2, 7, 1459, 2269
What are the prime factors of 1990245567?
3, 373, 1778593
What are the prime factors of 2310673084?
2, 97, 5955343
List the prime factors of 17006309.
17006309
List the prime factors of 7093864916.
2, 83, 97, 220279
List the prime factors of 3017912329.
19, 9397, 16903
What are the prime factors of 275588712?
2, 3, 7, 463, 1181
What are the prime factors of 1576420446?
2, 3, 37, 53, 133981
What are the prime factors of 613369073?
613369073
What are the prime factors of 2921622290?
2, 5, 197, 263, 5639
List the prime factors of 329669542.
2, 17, 151, 157, 409
What are the prime factors of 1094306116?
2, 17, 16092737
What are the prime factors of 790510091?
7, 1753, 9203
What are the prime factors of 256130629?
256130629
What are the prime factors of 169755412?
2, 233, 182141
List the prime factors of 3675952757.
3675952757
List the prime factors of 27227362.
2, 31, 41, 10711
What are the prime factors of 97174529?
97174529
List the prime factors of 86921865.
3, 5, 19, 101663
What are the prime factors of 152307325?
5, 19, 320647
List the prime factors of 202005174.
2, 3, 7, 2083, 2309
List the prime factors of 280652502.
2, 3, 13, 3598109
List the prime factors of 1386836325.
3, 5, 7, 880531
What are the prime factors of 61585837?
7177, 8581
What are the prime factors of 13327477?
13327477
What are the prime factors of 1355250442?
2, 7, 13, 631, 11801
What are the prime factors of 932111818?
2, 11, 409, 103591
List the prime factors of 205209312.
2, 3, 7, 11, 17, 23, 71
List the prime factors of 196694047.
11, 73, 397, 617
List the prime factors of 70220380.
2, 5, 23, 293, 521
List the prime factors of 47477547.
3, 13, 43, 9437
List the prime factors of 6172309013.
13, 59, 8047339
What are the prime factors of 3349049758?
2, 433, 3867263
What are the prime factors of 3960673229?
709, 5586281
List the prime factors of 752861414.
2, 376430707
What are the prime factors of 6051964628?
2, 1512991157
List the prime factors of 887182476.
2, 3, 53, 1394941
List the prime factors of 39854515.
5, 23, 346561
What are the prime factors of 4091713225?
5, 23, 7116023
List the prime factors of 112396843.
13, 17, 508583
List the prime factors of 699371529.
3, 83, 2808721
List the prime factors of 140651272.
2, 17581409
What are the prime factors of 2893611519?
3, 101, 353699
What are the prime factors of 903091155?
3, 5, 307, 196111
What are the prime factors of 501070202?
2, 250535101
What are the prime factors of 2854939649?
167, 2267, 7541
What are the prime factors of 1772651460?
2, 3, 5, 59, 61, 8209
What are the prime factors of 903408871?
903408871
List the prime factors of 241260254.
2, 7919, 15233
What are the prime factors of 50339155?
5, 10067831
List the prime factors of 477076.
2, 41, 2909
List the prime factors of 1085836156.
2, 271459039
List the prime factors of 430881526.
2, 215440763
List the prime factors of 11687585.
5, 7, 13, 17, 1511
List the prime factors of 5890134704.
2, 17, 21654907
List the prime factors of 893843984.
2, 11, 5078659
What are the prime factors of 25052969?
83, 301843
What are the prime factors of 54979475?
5, 2199179
List the pr